{"id":7,"date":"2021-11-06T07:34:04","date_gmt":"2021-11-06T07:34:04","guid":{"rendered":"http:\/\/www.shotokarate.hu\/?page_id=7"},"modified":"2021-11-06T10:17:44","modified_gmt":"2021-11-06T10:17:44","slug":"rolunk","status":"publish","type":"page","link":"https:\/\/www.shotokarate.hu\/?page_id=7","title":{"rendered":"a mi Karat\u00e9nk"},"content":{"rendered":"\n<p>Az interneten a Shotokan karate t\u00f6rt\u00e9nelm\u00e9r\u0151l, fejl\u0151d\u00e9s\u00e9r\u0151l, haszn\u00e1r\u00f3l, szab\u00e1lyrendszer\u00e9r\u0151l \u00e9s oktat\u00e1si c\u00e9ljair\u00f3l is rengeteg hasznos inform\u00e1ci\u00f3t tal\u00e1lhattok. Van akik sportk\u00e9nt tekintenek r\u00e1 van akik m\u0171v\u00e9szetk\u00e9nt, van akik szerint \u00f6nv\u00e9delemre val\u00f3 van akik szerint csak arra nem. Ahogy mi v\u00e1ltozunk, v\u00e1ltozik a vil\u00e1gl\u00e1t\u00e1sunk, a szeml\u00e9let\u00fcnk, az \u00e9lethez val\u00f3 hozz\u00e1\u00e1ll\u00e1sunk \u00e9s v\u00e1ltozik a karat\u00e9nk meg\u00edt\u00e9l\u00e9se, s\u0151t a karat\u00e9nk is. Ez a &#8220;v\u00e1ltoz\u00e1s&#8221; a fontos.<\/p>\n\n\n\n<p>A mi karat\u00e9nk:<\/p>\n\n\n\n<ul class=\"wp-block-list\"><li>a karate m\u0171v\u00e9szet, nincs v\u00e9ge, nem lehet befejezni, csak abbahagyni;<\/li><li>a karate c\u00e9lja a karate maga, a gyakorl\u00e1s \u00e9s a k\u00f6zben \u00e9rkez\u0151 tapasztalatok \u00e9s meg\u00e9rt\u00e9sek a c\u00e9l, a t\u00f6bbi (technika, kond\u00edci\u00f3, egy\u00e9b k\u00e9pess\u00e9gek) csak velej\u00e1r\u00f3 haszon;<\/li><li>a karate mindig egyszer\u0171, mindig \u00e9letszer\u0171, mindig alkalmazkodik az \u00e9lethez a gyakorl\u00f3hoz, a szitu\u00e1ci\u00f3hoz, a karate egy;<\/li><li>ha ragaszkodunk ahhoz, hogy a karate &#8220;j\u00f3&#8221; legyen, akkor ahogy v\u00e1ltozik az ember, v\u00e1ltozik a k\u00f6rnyezet, v\u00e1ltozik a vil\u00e1g, \u00fagy a karate is v\u00e1ltozik, csak a karate min\u0151s\u00e9ge nem v\u00e1ltozhat;<\/li><li>a karate nem csin\u00e1l bel\u0151led jobb embert, jobb embert Te csin\u00e1lhatsz magadb\u00f3l, a karate csak eszk\u00f6ze a meg\u00e9rt\u00e9snek;<\/li><li>a karate nem fokozat, nem versenyeredm\u00e9ny, a karate nem p\u00e9nz \u00e9s nem ego;<\/li><li>manaps\u00e1g nem k\u00f6nny\u0171 olyan t\u00e1rsat tal\u00e1lni ami az ember mellett van j\u00f3ban-rosszban, ak\u00e1r az \u00e9lete v\u00e9g\u00e9ig is, kell\u0151en megb\u00edzhat\u00f3 \u00e9s mindig ad, a karate ilyen;<\/li><li>van hogy &#8220;kics\u00faszik a talaj&#8221; az ember l\u00e1ba al\u00f3l, a karate nem cs\u00faszik ki;<\/li><li>a karate \u0151szinte \u00e9s egyszer\u0171, ha te t\u00e1pl\u00e1lod &#8220;\u0151&#8221; is adni fog;<\/li><li>a karate megtan\u00edt elesni \u00e9s fel\u00e1llni \u00e9s megtan\u00edt arra, hogy amit gondolsz ann\u00e1l kell legyen tov\u00e1bb is;<\/li><li>a karate megtan\u00edt szemben\u00e9zni, meg\u00e9rteni \u00e9s elfogadni is;<\/li><li>a karate megmutatja, hogy nincs olyan, hogy nem megy, olyan van, hogy nem gyakorolsz eleget;<\/li><li>nincs rossz karate, meg nem \u00e9rtett karate vagy nem eleget gyakorolt karate van \u00e9s az ember, aki \u00e9pp olyan, amilyen;<\/li><li>a karate a test, a szellem, a l\u00e9gz\u00e9s, a kapcsol\u00f3d\u00e1s, a probl\u00e9ma \u00e9s a megold\u00e1s is;<\/li><li>a karat\u00e9hoz alkalmazkodsz s a karat\u00e9d is alkalmazkodik hozz\u00e1d, a karat\u00e9d Te vagy;<\/li><li>a karate olyan, mint a v\u00edz \u00e9s k\u00f6nnyed, mint egy mosoly;<\/li><li>a karate az \u00e9let modelltere.<br><br><em>\u00a9 Herczeg B<\/em>. 2021.<\/li><\/ul>\n\n\n\n<figure class=\"wp-block-embed is-type-video is-provider-youtube wp-block-embed-youtube wp-embed-aspect-16-9 wp-has-aspect-ratio\"><div class=\"wp-block-embed__wrapper\">\n<iframe loading=\"lazy\" title=\"Tetsuhiko Asai Demonstration [ Shotokan Karate Masters ]\" width=\"580\" height=\"326\" src=\"https:\/\/www.youtube.com\/embed\/GwNo_gsbslo?feature=oembed\" frameborder=\"0\" allow=\"accelerometer; autoplay; clipboard-write; encrypted-media; gyroscope; picture-in-picture; web-share\" referrerpolicy=\"strict-origin-when-cross-origin\" allowfullscreen><\/iframe>\n<\/div><\/figure>\n\n\n\n<p><\/p>\n","protected":false},"excerpt":{"rendered":"<p>Az interneten a Shotokan karate t\u00f6rt\u00e9nelm\u00e9r\u0151l, fejl\u0151d\u00e9s\u00e9r\u0151l, haszn\u00e1r\u00f3l, szab\u00e1lyrendszer\u00e9r\u0151l \u00e9s oktat\u00e1si c\u00e9ljair\u00f3l is rengeteg hasznos inform\u00e1ci\u00f3t tal\u00e1lhattok. Van akik sportk\u00e9nt tekintenek r\u00e1 van akik m\u0171v\u00e9szetk\u00e9nt, van akik szerint \u00f6nv\u00e9delemre val\u00f3 van akik szerint csak arra nem. Ahogy mi v\u00e1ltozunk, v\u00e1ltozik a vil\u00e1gl\u00e1t\u00e1sunk, a szeml\u00e9let\u00fcnk, az \u00e9lethez val\u00f3 hozz\u00e1\u00e1ll\u00e1sunk \u00e9s v\u00e1ltozik a karat\u00e9nk meg\u00edt\u00e9l\u00e9se, s\u0151t a [&hellip;]<\/p>\n","protected":false},"author":1,"featured_media":0,"parent":0,"menu_order":0,"comment_status":"closed","ping_status":"closed","template":"","meta":{"footnotes":""},"class_list":["post-7","page","type-page","status-publish","hentry"],"_links":{"self":[{"href":"https:\/\/www.shotokarate.hu\/index.php?rest_route=\/wp\/v2\/pages\/7","targetHints":{"allow":["GET"]}}],"collection":[{"href":"https:\/\/www.shotokarate.hu\/index.php?rest_route=\/wp\/v2\/pages"}],"about":[{"href":"https:\/\/www.shotokarate.hu\/index.php?rest_route=\/wp\/v2\/types\/page"}],"author":[{"embeddable":true,"href":"https:\/\/www.shotokarate.hu\/index.php?rest_route=\/wp\/v2\/users\/1"}],"replies":[{"embeddable":true,"href":"https:\/\/www.shotokarate.hu\/index.php?rest_route=%2Fwp%2Fv2%2Fcomments&post=7"}],"version-history":[{"count":5,"href":"https:\/\/www.shotokarate.hu\/index.php?rest_route=\/wp\/v2\/pages\/7\/revisions"}],"predecessor-version":[{"id":79,"href":"https:\/\/www.shotokarate.hu\/index.php?rest_route=\/wp\/v2\/pages\/7\/revisions\/79"}],"wp:attachment":[{"href":"https:\/\/www.shotokarate.hu\/index.php?rest_route=%2Fwp%2Fv2%2Fmedia&parent=7"}],"curies":[{"name":"wp","href":"https:\/\/api.w.org\/{rel}","templated":true}]}}